e
Is 667 a factor of 19087007?
False
Is 484575 a multiple of 7?
True
Does 6 divide 24019?
False
Is 1559 a multiple of 67?
False
Does 162 divide 1576865?
False
Is 164460 a multiple of 12?
True
Does 41 divide 377282?
True
Is 126477 a multiple of 117?
True
Does 977 divide 4636788?
False
Does 69 divide 258888?
True
Is 3953652 a multiple of 12?
True
Does 187 divide 1276462?
True
Is 17 a factor of 19061216?
True
Does 235 divide 41493?
False
Does 164 divide 1072232?
True
Is 9 a factor of 52484?
False
Does 7 divide 26423?
False
Is 257638 a multiple of 70?
False
Is 10 a factor of 55298?
False
Is 607845 a multiple of 13?
False
Is 8 a factor of 2880728?
True
Is 42 a factor of 425655?
False
Does 40 divide 135120?
True
Is 18 a factor of 54846?
True
Is 4362038 a multiple of 262?
True
Does 365 divide 150745?
True
Is 1127177 a multiple of 3?
False
Is 112689 a multiple of 3?
True
Does 82 divide 1430621?
False
Is 251952 a multiple of 58?
True
Does 39 divide 5656291?
False
Is 8 a factor of 18675376?
True
Does 497 divide 51012?
False
Is 38 a factor of 2890394?
True
Is 148 a factor of 158952?
True
Is 224063 a multiple of 7?
True
Is 476071 a multiple of 39?
False
Does 11 divide 565630?
False
Is 39 a factor of 784329?
True
Is 504 a factor of 3356973?
False
Is 465 a factor of 145545?
True
Does 937 divide 989472?
True
Is 520 a factor of 163280?
True
Is 410 a factor of 2797430?
True
Is 113 a factor of 778896?
False
Is 5185270 a multiple of 12?
False
Is 2449640 a multiple of 471?
False
Is 219637 a multiple of 41?
True
Is 293132 a multiple of 133?
True
Is 274 a factor of 235499?
False
Does 7 divide 1094254?
True
Is 22 a factor of 1752433?
False
Does 27 divide 20038?
False
Does 262 divide 1193246?
False
Is 58 a factor of 26716?
False
Is 414 a factor of 962187?
False
Is 77 a factor of 29645?
True
Is 58 a factor of 140653?
False
Is 10 a factor of 1025880?
True
Is 399 a factor of 220232?
False
Is 80 a factor of 563366?
False
Does 52 divide 133536?
True
Is 97 a factor of 104566?
True
Is 196 a factor of 1477538?
False
Is 3631085 a multiple of 34?
False
Is 51 a factor of 1117617?
False
Does 101 divide 5353?
True
Does 243 divide 80671?
False
Does 345 divide 1231023?
False
Is 50682 a multiple of 57?
False
Does 23 divide 2036326?
False
Does 14 divide 444052?
True
Is 91 a factor of 1492428?
False
Is 617520 a multiple of 12?
True
Is 18 a factor of 178578?
True
Is 29 a factor of 51620?
True
Is 449593 a multiple of 17?
False
Is 64971 a multiple of 28?
False
Is 1264 a factor of 5449104?
True
Does 27 divide 122471?
False
Is 10 a factor of 430750?
True
Is 16903450 a multiple of 211?
False
Is 38 a factor of 89183?
False
Is 29 a factor of 304924?
False
Does 52 divide 3649984?
True
Does 157 divide 112366?
False
Is 2 a factor of 739063?
False
Does 144 divide 561280?
False
Is 24217 a multiple of 7?
False
Is 388 a factor of 1227646?
False
Is 1484 a factor of 5309929?
False
Is 241818 a multiple of 6?
True
Is 139 a factor of 262606?
False
Is 176 a factor of 5952876?
False
Is 32 a factor of 406859?
False
Is 79 a factor of 26527670?
False
Does 38 divide 239399?
False
Is 28680 a multiple of 10?
True
Is 217305 a multiple of 9?
True
Is 52 a factor of 6433632?
False
Does 38 divide 5129392?
True
Does 242 divide 412190?
False
Is 4 a factor of 1426347?
False
Does 11 divide 20518223?
True
Is 16 a factor of 8320?
True
Is 7056355 a multiple of 1067?
False
Is 7 a factor of 11660194?
True
Is 2217185 a multiple of 13?
False
Is 1101050 a multiple of 305?
True
Is 11 a factor of 11015520?
False
Is 10 a factor of 1035470?
True
Is 1842307 a multiple of 353?
True
Is 133 a factor of 360757?
False
Is 177 a factor of 387979?
False
Is 81 a factor of 61398?
True
Is 35880 a multiple of 26?
True
Is 11 a factor of 380?
False
Is 135 a factor of 53460?
True
Is 646032 a multiple of 516?
True
Is 26 a factor of 41019966?
True
Is 4997645 a multiple of 185?
False
Does 31 divide 528529?
False
Is 96 a factor of 59392?
False
Is 141 a factor of 43428?
True
Is 19 a factor of 2127351?
False
Does 215 divide 377348?
False
Is 1875300 a multiple of 1786?
True
Is 192385 a multiple of 122?
False
Is 323341 a multiple of 6?
False
Does 41 divide 192709?
False
Is 380117 even?
False
Is 14 a factor of 2269835?
False
Is 18 a factor of 2078041?
False
Is 318390 a multiple of 487?
False
Is 140120 even?
True
Is 246 a factor of 302334?
True
Is 187778 even?
True
Is 253 a factor of 442750?
True
Is 286 a factor of 2778691?
False
Does 255 divide 104550?
True
Is 8 a factor of 147037?
False
Does 42 divide 16135350?
True
Is 100 a factor of 2658800?
True
Is 416572 a multiple of 26?
True
Does 220 divide 28217420?
True
Is 32 a factor of 6638080?
True
Does 10 divide 2711630?
True
Does 73 divide 1540224?
False
Is 1368360 a multiple of 56?
True
Is 254956 a multiple of 13?
True
Is 2475864 a multiple of 411?
True
Does 652 divide 478310?
False
Does 2 divide 28031?
False
Does 24 divide 2660016?
True
Does 7 divide 173341?
True
Is 2 a factor of 187066?
True
Is 49 a factor of 7105?
True
Is 518056 a multiple of 29?
True
Does 177 divide 43004?
False
Does 258 divide 139791?
False
Is 38 a factor of 10908546?
True
Is 203 a factor of 870461?
False
Does 50 divide 1618780?
False
Is 62 a factor of 1376221?
False
Is 23 a factor of 282141?
True
Does 20 divide 218794?
False
Is 3477052 a multiple of 8?
False
Is 1777 a factor of 2897391?
False
Does 9 divide 269056?
False
Is 804450 a multiple of 9?
False
Is 1440192 a multiple of 16?
True
Is 35 a factor of 374055?
False
Does 5 divide 875?
True
Is 1957648 a multiple of 56?
True
Is 22 a factor of 54428?
True
Is 188452 a multiple of 22?
True
Does 33 divide 274414?
False
Is 378270 a multiple of 17?
False
Is 67 a factor of 112627?
True
Does 11 divide 12408?
True
Is 5209914 a multiple of 791?
False
Is 830206 a multiple of 213?
False
Is 39 a factor of 1354119?
True
Is 2210680 a multiple of 85?
True
Is 24 a factor of 165168?
True
Is 66 a factor of 9157632?
True
Is 2 a factor of 15730?
True
Is 562534 a multiple of 7?
True
Does 35 divide 2393737?
False
Is 142 a factor of 114736?
True
Is 52992 a multiple of 256?
True
Is 22938 even?
True
Is 30 a factor of 1197900?
True
Does 10 divide 338100?
True
Is 16 a factor of 13088?
True
Does 344 divide 92231?
False
Is 36 a factor of 1086641?
False
Does 10 divide 33050?
True
Is 229287 a multiple of 23?
True
Is 32 a factor of 20608?
True
Is 66051 a multiple of 3?
True
Is 3427351 a multiple of 62?
False
Is 1301522 a multiple of 96?
False
Is 8 a factor of 75111?
False
Is 6035 a multiple of 71?
True
Does 18 divide 52897?
False
Does 710 divide 30350?
False
Does 129 divide 4894905?
True
Is 18 a factor of 218340?
True
Is 26 a factor of 1200034?
False
Is 1011771 a multiple of 81?
True
Does 20 divide 84230?
False
Is 13 a factor of 143494?
True
Is 294125 even?
False
Is 108 a factor of 430114?
False
Is 791 a factor of 686863?
False
Does 261 divide 557475?
False
Is 1974346 a multiple of 187?
True
Is 122 a factor of 36957?
False
Is 235408 a multiple of 21?
False
Is 77938 a multiple of 293?
True
Is 48970 a multiple of 37?
False
Does 541 divide 8050856?
False
Does 21 divide 7486568?
False
Is 631092 a multiple of 12?
True
Is 36090 a multiple of 9?
True
Is 6 a factor of 182637?
False
Is 362880 a multiple of 14?
True
Is 547 a factor of 1770639?
True
Is 4 a factor of 1178016?
True
Does 410 divide 2212926?
False
Is 1292128 a multiple of 32?
True
Is 27 a factor of 168496?
False
Does 494 divide 3859128?
True
Is 1760461 a multiple of 115?
False
Is 10 a factor of 13957500?
True
Is 2592502 a multiple of 6?
False
Is 24 a factor of 761444?
False
Is 67 a factor of 165088?
True
Is 112203 a multiple of 485?
False
Is 7 a factor of 1308209?
True
Is 9718 a multiple of 4?
False
Is 788736 a multiple of 104?
True
Is 10158 a multiple of 6?
True
Is 8703362 a multiple of 18?
False
Is 2077306 a multiple of 178?
False
Is 233280 a multiple of 10?
True
Is 6 a factor of 14388?
True
Does 262 divide 546549?
False
Does 227 divide 91935?
True
Does 133 divide 463773?
False
Is 175104 a multiple of 72?
True
Is 197 a factor of 5099542?
True
Does 53 divide 84164?
True
Is 53 a factor of 536558?
False
Does 13 divide 4383340?
True
Is 83 a factor of 335403?
True
Is 364 a factor of 9245309?
False
Does 7 divide 16050?
False
Is 6987349 a multiple of 19?
False
Does 96